{"id":2158,"date":"2020-03-31T14:38:58","date_gmt":"2020-03-31T14:38:58","guid":{"rendered":"https:\/\/www.nataliapancec.ro\/?page_id=2158"},"modified":"2020-05-26T11:09:03","modified_gmt":"2020-05-26T11:09:03","slug":"concert-aniversar-jean-lupu","status":"publish","type":"page","link":"https:\/\/www.nataliapancec.ro\/index.php\/concert-aniversar-jean-lupu\/","title":{"rendered":"CONCERT ANIVERSAR JEAN LUPU"},"content":{"rendered":"\t\t<div data-elementor-type=\"wp-page\" data-elementor-id=\"2158\" class=\"elementor elementor-2158\" data-elementor-settings=\"[]\">\n\t\t\t\t\t\t<div class=\"elementor-inner\">\n\t\t\t\t\t\t\t<div class=\"elementor-section-wrap\">\n\t\t\t\t\t\t\t<section class=\"elementor-section elementor-top-section elementor-element elementor-element-75b06920 no_padding elementor-section-boxed elementor-section-height-default elementor-section-height-default\" data-id=\"75b06920\" data-element_type=\"section\">\n\t\t\t\t\t\t<div class=\"elementor-container elementor-column-gap-default\">\n\t\t\t\t\t\t\t<div class=\"elementor-row\">\n\t\t\t\t\t<div class=\"elementor-column elementor-col-25 elementor-top-column elementor-element elementor-element-1f980520 animated-fast elementor-invisible\" data-id=\"1f980520\" data-element_type=\"column\" data-settings=\"{&quot;animation&quot;:&quot;fadeInUp&quot;}\">\n\t\t\t<div class=\"elementor-column-wrap elementor-element-populated\">\n\t\t\t\t\t\t\t<div class=\"elementor-widget-wrap\">\n\t\t\t\t\t\t<div class=\"elementor-element elementor-element-2b0b9c3d elementor-widget elementor-widget-heading\" data-id=\"2b0b9c3d\" data-element_type=\"widget\" data-widget_type=\"heading.default\">\n\t\t\t\t<div class=\"elementor-widget-container\">\n\t\t\t<span class=\"elementor-heading-title elementor-size-default\">07<\/span>\t\t<\/div>\n\t\t\t\t<\/div>\n\t\t\t\t\t\t<\/div>\n\t\t\t\t\t<\/div>\n\t\t<\/div>\n\t\t\t\t<div class=\"elementor-column elementor-col-25 elementor-top-column elementor-element elementor-element-4b059783 animated-fast elementor-invisible\" data-id=\"4b059783\" data-element_type=\"column\" data-settings=\"{&quot;animation&quot;:&quot;fadeInUp&quot;,&quot;animation_delay&quot;:50}\">\n\t\t\t<div class=\"elementor-column-wrap elementor-element-populated\">\n\t\t\t\t\t\t\t<div class=\"elementor-widget-wrap\">\n\t\t\t\t\t\t<div class=\"elementor-element elementor-element-db6999 elementor-widget elementor-widget-heading\" data-id=\"db6999\" data-element_type=\"widget\" data-widget_type=\"heading.default\">\n\t\t\t\t<div class=\"elementor-widget-container\">\n\t\t\t<span class=\"elementor-heading-title elementor-size-default\">Martie<\/span>\t\t<\/div>\n\t\t\t\t<\/div>\n\t\t\t\t<div class=\"elementor-element elementor-element-6f298abc elementor-widget elementor-widget-heading\" data-id=\"6f298abc\" data-element_type=\"widget\" data-widget_type=\"heading.default\">\n\t\t\t\t<div class=\"elementor-widget-container\">\n\t\t\t<span class=\"elementor-heading-title elementor-size-default\">2020<\/span>\t\t<\/div>\n\t\t\t\t<\/div>\n\t\t\t\t\t\t<\/div>\n\t\t\t\t\t<\/div>\n\t\t<\/div>\n\t\t\t\t<div class=\"elementor-column elementor-col-25 elementor-top-column elementor-element elementor-element-5bfd2323 animated-fast elementor-invisible\" data-id=\"5bfd2323\" data-element_type=\"column\" data-settings=\"{&quot;animation&quot;:&quot;fadeInUp&quot;,&quot;animation_delay&quot;:100}\">\n\t\t\t<div class=\"elementor-column-wrap elementor-element-populated\">\n\t\t\t\t\t\t\t<div class=\"elementor-widget-wrap\">\n\t\t\t\t\t\t<div class=\"elementor-element elementor-element-5788d3fc elementor-widget elementor-widget-heading\" data-id=\"5788d3fc\" data-element_type=\"widget\" data-widget_type=\"heading.default\">\n\t\t\t\t<div class=\"elementor-widget-container\">\n\t\t\t<h1 class=\"elementor-heading-title elementor-size-default\">Ateneul Rom\u00e2n<\/h1>\t\t<\/div>\n\t\t\t\t<\/div>\n\t\t\t\t<div class=\"elementor-element elementor-element-7b92cf24 elementor-align-left elementor-widget elementor-widget-button\" data-id=\"7b92cf24\" data-element_type=\"widget\" data-widget_type=\"button.default\">\n\t\t\t\t<div class=\"elementor-widget-container\">\n\t\t\t\t\t<div class=\"elementor-button-wrapper\">\n\t\t\t<a href=\"https:\/\/www.google.com\/maps\/place\/Ateneul+Rom%C3%A2n\/@44.441324,26.0950905,17z\/data=!3m1!4b1!4m5!3m4!1s0x40b1ff4f6e6d7997:0x5a73af5fe07876f2!8m2!3d44.4413202!4d26.0972792\" target=\"_blank\" class=\"elementor-button-link elementor-button elementor-size-sm\" role=\"button\">\n\t\t\t\t\t\t<span class=\"elementor-button-content-wrapper\">\n\t\t\t\t\t\t<span class=\"elementor-button-icon elementor-align-icon-left\">\n\t\t\t\t<i aria-hidden=\"true\" class=\"fas fa-map-marker-alt\"><\/i>\t\t\t<\/span>\n\t\t\t\t\t\t<span class=\"elementor-button-text\">Str. Benjamin Franklin nr.1-3, sector 1<\/span>\n\t\t<\/span>\n\t\t\t\t\t<\/a>\n\t\t<\/div>\n\t\t\t\t<\/div>\n\t\t\t\t<\/div>\n\t\t\t\t\t\t<\/div>\n\t\t\t\t\t<\/div>\n\t\t<\/div>\n\t\t\t\t<div class=\"elementor-column elementor-col-25 elementor-top-column elementor-element elementor-element-451ea47d animated-fast elementor-invisible\" data-id=\"451ea47d\" data-element_type=\"column\" data-settings=\"{&quot;animation&quot;:&quot;fadeInUp&quot;,&quot;animation_delay&quot;:250}\">\n\t\t\t<div class=\"elementor-column-wrap elementor-element-populated\">\n\t\t\t\t\t\t\t<div class=\"elementor-widget-wrap\">\n\t\t\t\t\t\t<div class=\"elementor-element elementor-element-32886a69 elementor-align-center buy_ticket elementor-widget elementor-widget-button\" data-id=\"32886a69\" data-element_type=\"widget\" data-widget_type=\"button.default\">\n\t\t\t\t<div class=\"elementor-widget-container\">\n\t\t\t\t\t<div class=\"elementor-button-wrapper\">\n\t\t\t<a href=\"https:\/\/events.time.ly\/etpqjhw?event=37665430\" target=\"_blank\" class=\"elementor-button-link elementor-button elementor-size-md\" role=\"button\">\n\t\t\t\t\t\t<span class=\"elementor-button-content-wrapper\">\n\t\t\t\t\t\t<span class=\"elementor-button-icon elementor-align-icon-left\">\n\t\t\t\t<i aria-hidden=\"true\" class=\"fas fa-ticket-alt\"><\/i>\t\t\t<\/span>\n\t\t\t\t\t\t<span class=\"elementor-button-text\">Bilet Ateneu<\/span>\n\t\t<\/span>\n\t\t\t\t\t<\/a>\n\t\t<\/div>\n\t\t\t\t<\/div>\n\t\t\t\t<\/div>\n\t\t\t\t\t\t<\/div>\n\t\t\t\t\t<\/div>\n\t\t<\/div>\n\t\t\t\t\t\t\t\t<\/div>\n\t\t\t\t\t<\/div>\n\t\t<\/section>\n\t\t\t\t<section class=\"elementor-section elementor-top-section elementor-element elementor-element-39248be8 animated-fast elementor-section-boxed elementor-section-height-default elementor-section-height-default elementor-invisible\" data-id=\"39248be8\" data-element_type=\"section\" data-settings=\"{&quot;animation&quot;:&quot;fadeIn&quot;,&quot;animation_delay&quot;:300}\">\n\t\t\t\t\t\t<div class=\"elementor-container elementor-column-gap-no\">\n\t\t\t\t\t\t\t<div class=\"elementor-row\">\n\t\t\t\t\t<div class=\"elementor-column elementor-col-66 elementor-top-column elementor-element elementor-element-4e21c25f\" data-id=\"4e21c25f\" data-element_type=\"column\">\n\t\t\t<div class=\"elementor-column-wrap elementor-element-populated\">\n\t\t\t\t\t\t\t<div class=\"elementor-widget-wrap\">\n\t\t\t\t\t\t<div class=\"elementor-element elementor-element-c7f15f4 elementor-widget elementor-widget-image\" data-id=\"c7f15f4\" data-element_type=\"widget\" data-widget_type=\"image.default\">\n\t\t\t\t<div class=\"elementor-widget-container\">\n\t\t\t\t\t\t\t\t<div class=\"elementor-image\">\n\t\t\t\t\t\t\t\t\t\t\t\t<img width=\"1024\" height=\"467\" src=\"https:\/\/www.nataliapancec.ro\/wp-content\/uploads\/2020\/03\/concert-aniversar-articol-1024x467.jpg\" class=\"attachment-large size-large\" alt=\"\" loading=\"lazy\" srcset=\"https:\/\/www.nataliapancec.ro\/wp-content\/uploads\/2020\/03\/concert-aniversar-articol-1024x467.jpg 1024w, https:\/\/www.nataliapancec.ro\/wp-content\/uploads\/2020\/03\/concert-aniversar-articol-600x273.jpg 600w, https:\/\/www.nataliapancec.ro\/wp-content\/uploads\/2020\/03\/concert-aniversar-articol-300x137.jpg 300w, https:\/\/www.nataliapancec.ro\/wp-content\/uploads\/2020\/03\/concert-aniversar-articol-768x350.jpg 768w, https:\/\/www.nataliapancec.ro\/wp-content\/uploads\/2020\/03\/concert-aniversar-articol-1536x700.jpg 1536w, https:\/\/www.nataliapancec.ro\/wp-content\/uploads\/2020\/03\/concert-aniversar-articol-440x201.jpg 440w, https:\/\/www.nataliapancec.ro\/wp-content\/uploads\/2020\/03\/concert-aniversar-articol.jpg 1740w\" sizes=\"(max-width: 1024px) 100vw, 1024px\" \/>\t\t\t\t\t\t\t\t\t\t\t\t\t\t<\/div>\n\t\t\t\t\t\t<\/div>\n\t\t\t\t<\/div>\n\t\t\t\t<div class=\"elementor-element elementor-element-c5c62fc elementor-widget elementor-widget-heading\" data-id=\"c5c62fc\" data-element_type=\"widget\" data-widget_type=\"heading.default\">\n\t\t\t\t<div class=\"elementor-widget-container\">\n\t\t\t<h5 class=\"elementor-heading-title elementor-size-default\">CONCERT ANIVERSAR JEAN LUPU\n<br>80 de ani de via\u0163\u0103, 60 de ani de dirijat<\/h5>\t\t<\/div>\n\t\t\t\t<\/div>\n\t\t\t\t<div class=\"elementor-element elementor-element-27e8ad57 elementor-widget elementor-widget-text-editor\" data-id=\"27e8ad57\" data-element_type=\"widget\" data-widget_type=\"text-editor.default\">\n\t\t\t\t<div class=\"elementor-widget-container\">\n\t\t\t\t\t\t\t\t<div class=\"elementor-text-editor elementor-clearfix\">\n\t\t\t\t<p><b>CORUL SYMBOL<\/b><br><\/p><ul><li><b>Dirijori:<\/b> Jean Lupu Lumini\u0163a Gu\u0163anu Stoian<\/li><li><b>Soliste: <\/b>Maria Cazacu, Andreea P\u00eervulescu, Andreea Mihalache, Corina Gatu, Daniela Greere<\/li><li><b>La pian:<\/b> Bianca Fodor, Magdalena Buliba\u015fa, Diana Negreanu, Cristina Gheorghe<\/li><li><b>Percu\u0163ie: <\/b>Andrada Coneac<\/li><li><b>Prezentator:<\/b> Daniela Greere<\/li><li><b>Invita\u0163i speciali:<\/b> Olgu\u0163a Lupu, Simina Croitoru, Natalia Pancec Colotelo, Tiberiu Branga, Andreea Blidariu, Maria-Diana Petrache, Andrei Petrache<\/li><\/ul><p><br>Interpretarea impreuna cu pianista Adriana Toacsen Brahms \u2013 Dans ungar nr. 5.<\/p>\n<p><\/p>\t\t\t\t\t<\/div>\n\t\t\t\t\t\t<\/div>\n\t\t\t\t<\/div>\n\t\t\t\t\t\t<\/div>\n\t\t\t\t\t<\/div>\n\t\t<\/div>\n\t\t\t\t<div class=\"elementor-column elementor-col-33 elementor-top-column elementor-element elementor-element-707e3631\" data-id=\"707e3631\" data-element_type=\"column\">\n\t\t\t<div class=\"elementor-column-wrap elementor-element-populated\">\n\t\t\t\t\t\t\t<div class=\"elementor-widget-wrap\">\n\t\t\t\t\t\t<section class=\"elementor-section elementor-inner-section elementor-element elementor-element-61536964 elementor-section-boxed elementor-section-height-default elementor-section-height-default\" data-id=\"61536964\" data-element_type=\"section\">\n\t\t\t\t\t\t<div class=\"elementor-container elementor-column-gap-default\">\n\t\t\t\t\t\t\t<div class=\"elementor-row\">\n\t\t\t\t\t<div class=\"elementor-column elementor-col-33 elementor-inner-column elementor-element elementor-element-3d714e93\" data-id=\"3d714e93\" data-element_type=\"column\">\n\t\t\t<div class=\"elementor-column-wrap elementor-element-populated\">\n\t\t\t\t\t\t\t<div class=\"elementor-widget-wrap\">\n\t\t\t\t\t\t<div class=\"elementor-element elementor-element-46b4eaad elementor-view-default elementor-widget elementor-widget-icon\" data-id=\"46b4eaad\" data-element_type=\"widget\" data-widget_type=\"icon.default\">\n\t\t\t\t<div class=\"elementor-widget-container\">\n\t\t\t\t\t<div class=\"elementor-icon-wrapper\">\n\t\t\t<div class=\"elementor-icon\">\n\t\t\t\t\t\t\t<i class=\"fa fa-clock-o\" aria-hidden=\"true\"><\/i>\n\t\t\t\t\t\t<\/div>\n\t\t<\/div>\n\t\t\t\t<\/div>\n\t\t\t\t<\/div>\n\t\t\t\t\t\t<\/div>\n\t\t\t\t\t<\/div>\n\t\t<\/div>\n\t\t\t\t<div class=\"elementor-column elementor-col-66 elementor-inner-column elementor-element elementor-element-1e2fe2a3\" data-id=\"1e2fe2a3\" data-element_type=\"column\">\n\t\t\t<div class=\"elementor-column-wrap elementor-element-populated\">\n\t\t\t\t\t\t\t<div class=\"elementor-widget-wrap\">\n\t\t\t\t\t\t<div class=\"elementor-element elementor-element-ccee447 elementor-widget elementor-widget-heading\" data-id=\"ccee447\" data-element_type=\"widget\" data-widget_type=\"heading.default\">\n\t\t\t\t<div class=\"elementor-widget-container\">\n\t\t\t<span class=\"elementor-heading-title elementor-size-default\">Sambata, 7 Martie 2020<\/span>\t\t<\/div>\n\t\t\t\t<\/div>\n\t\t\t\t<div class=\"elementor-element elementor-element-4f89273 elementor-widget elementor-widget-heading\" data-id=\"4f89273\" data-element_type=\"widget\" data-widget_type=\"heading.default\">\n\t\t\t\t<div class=\"elementor-widget-container\">\n\t\t\t<span class=\"elementor-heading-title elementor-size-default\">18:30 - 21:00<\/span>\t\t<\/div>\n\t\t\t\t<\/div>\n\t\t\t\t\t\t<\/div>\n\t\t\t\t\t<\/div>\n\t\t<\/div>\n\t\t\t\t\t\t\t\t<\/div>\n\t\t\t\t\t<\/div>\n\t\t<\/section>\n\t\t\t\t<section class=\"elementor-section elementor-inner-section elementor-element elementor-element-46c6a0e7 elementor-section-boxed elementor-section-height-default elementor-section-height-default\" data-id=\"46c6a0e7\" data-element_type=\"section\">\n\t\t\t\t\t\t<div class=\"elementor-container elementor-column-gap-default\">\n\t\t\t\t\t\t\t<div class=\"elementor-row\">\n\t\t\t\t\t<div class=\"elementor-column elementor-col-33 elementor-inner-column elementor-element elementor-element-3b752c9d\" data-id=\"3b752c9d\" data-element_type=\"column\">\n\t\t\t<div class=\"elementor-column-wrap elementor-element-populated\">\n\t\t\t\t\t\t\t<div class=\"elementor-widget-wrap\">\n\t\t\t\t\t\t<div class=\"elementor-element elementor-element-434dd04a elementor-view-default elementor-widget elementor-widget-icon\" data-id=\"434dd04a\" data-element_type=\"widget\" data-widget_type=\"icon.default\">\n\t\t\t\t<div class=\"elementor-widget-container\">\n\t\t\t\t\t<div class=\"elementor-icon-wrapper\">\n\t\t\t<div class=\"elementor-icon\">\n\t\t\t\t\t\t\t<i class=\"fa fa-map-o\" aria-hidden=\"true\"><\/i>\n\t\t\t\t\t\t<\/div>\n\t\t<\/div>\n\t\t\t\t<\/div>\n\t\t\t\t<\/div>\n\t\t\t\t\t\t<\/div>\n\t\t\t\t\t<\/div>\n\t\t<\/div>\n\t\t\t\t<div class=\"elementor-column elementor-col-66 elementor-inner-column elementor-element elementor-element-48d87d00\" data-id=\"48d87d00\" data-element_type=\"column\">\n\t\t\t<div class=\"elementor-column-wrap elementor-element-populated\">\n\t\t\t\t\t\t\t<div class=\"elementor-widget-wrap\">\n\t\t\t\t\t\t<div class=\"elementor-element elementor-element-2638aaf1 elementor-widget elementor-widget-heading\" data-id=\"2638aaf1\" data-element_type=\"widget\" data-widget_type=\"heading.default\">\n\t\t\t\t<div class=\"elementor-widget-container\">\n\t\t\t<span class=\"elementor-heading-title elementor-size-default\"><a href=\"https:\/\/www.google.com\/maps\/place\/Ateneul+Rom%C3%A2n\/@44.441324,26.0950905,17z\/data=!3m1!4b1!4m5!3m4!1s0x40b1ff4f6e6d7997:0x5a73af5fe07876f2!8m2!3d44.4413202!4d26.0972792\" target=\"_blank\">Ateneul Roman<\/a><\/span>\t\t<\/div>\n\t\t\t\t<\/div>\n\t\t\t\t<div class=\"elementor-element elementor-element-5c62959a elementor-widget elementor-widget-heading\" data-id=\"5c62959a\" data-element_type=\"widget\" data-widget_type=\"heading.default\">\n\t\t\t\t<div class=\"elementor-widget-container\">\n\t\t\t<span class=\"elementor-heading-title elementor-size-default\">Str. Benjamin Franklin nr.1-3, sector 1<\/span>\t\t<\/div>\n\t\t\t\t<\/div>\n\t\t\t\t\t\t<\/div>\n\t\t\t\t\t<\/div>\n\t\t<\/div>\n\t\t\t\t\t\t\t\t<\/div>\n\t\t\t\t\t<\/div>\n\t\t<\/section>\n\t\t\t\t<section class=\"elementor-section elementor-inner-section elementor-element elementor-element-12ae7b19 elementor-section-boxed elementor-section-height-default elementor-section-height-default\" data-id=\"12ae7b19\" data-element_type=\"section\">\n\t\t\t\t\t\t<div class=\"elementor-container elementor-column-gap-default\">\n\t\t\t\t\t\t\t<div class=\"elementor-row\">\n\t\t\t\t\t<div class=\"elementor-column elementor-col-100 elementor-inner-column elementor-element elementor-element-39d4b014\" data-id=\"39d4b014\" data-element_type=\"column\">\n\t\t\t<div class=\"elementor-column-wrap elementor-element-populated\">\n\t\t\t\t\t\t\t<div class=\"elementor-widget-wrap\">\n\t\t\t\t\t\t<div class=\"elementor-element elementor-element-36b7af9f elementor-widget elementor-widget-google_maps\" data-id=\"36b7af9f\" data-element_type=\"widget\" data-widget_type=\"google_maps.default\">\n\t\t\t\t<div class=\"elementor-widget-container\">\n\t\t\t\t\t<div class=\"elementor-custom-embed\">\n\t\t\t<iframe frameborder=\"0\" scrolling=\"no\" marginheight=\"0\" marginwidth=\"0\"\n\t\t\t\t\tsrc=\"https:\/\/maps.google.com\/maps?q=Ateneul%20Roman%2C%20Bucure%C8%99ti%20-%20Str.%20Benjamin%20Franklin%20nr.1-3%2C%20sector%201&#038;t=m&#038;z=14&#038;output=embed&#038;iwloc=near\"\n\t\t\t\t\ttitle=\"Ateneul Roman, Bucure\u0219ti - Str. Benjamin Franklin nr.1-3, sector 1\"\n\t\t\t\t\taria-label=\"Ateneul Roman, Bucure\u0219ti - Str. Benjamin Franklin nr.1-3, sector 1\"\n\t\t\t><\/iframe>\n\t\t<\/div>\n\t\t\t\t<\/div>\n\t\t\t\t<\/div>\n\t\t\t\t\t\t<\/div>\n\t\t\t\t\t<\/div>\n\t\t<\/div>\n\t\t\t\t\t\t\t\t<\/div>\n\t\t\t\t\t<\/div>\n\t\t<\/section>\n\t\t\t\t\t\t<\/div>\n\t\t\t\t\t<\/div>\n\t\t<\/div>\n\t\t\t\t\t\t\t\t<\/div>\n\t\t\t\t\t<\/div>\n\t\t<\/section>\n\t\t\t\t<section class=\"elementor-section elementor-top-section elementor-element elementor-element-387d7667 headline elementor-section-boxed elementor-section-height-default elementor-section-height-default\" data-id=\"387d7667\" data-element_type=\"section\">\n\t\t\t\t\t\t<div class=\"elementor-container elementor-column-gap-default\">\n\t\t\t\t\t\t\t<div class=\"elementor-row\">\n\t\t\t\t\t<div class=\"elementor-column elementor-col-100 elementor-top-column elementor-element elementor-element-4ac0ddde\" data-id=\"4ac0ddde\" data-element_type=\"column\">\n\t\t\t<div class=\"elementor-column-wrap elementor-element-populated\">\n\t\t\t\t\t\t\t<div class=\"elementor-widget-wrap\">\n\t\t\t\t\t\t<div class=\"elementor-element elementor-element-7a4c1b52 animated-fast elementor-invisible elementor-widget elementor-widget-heading\" data-id=\"7a4c1b52\" data-element_type=\"widget\" data-settings=\"{&quot;_animation&quot;:&quot;fadeInUp&quot;}\" data-widget_type=\"heading.default\">\n\t\t\t\t<div class=\"elementor-widget-container\">\n\t\t\t<span class=\"elementor-heading-title elementor-size-default\">Alte<\/span>\t\t<\/div>\n\t\t\t\t<\/div>\n\t\t\t\t<div class=\"elementor-element elementor-element-3a466297 animated-fast elementor-invisible elementor-widget elementor-widget-heading\" data-id=\"3a466297\" data-element_type=\"widget\" data-settings=\"{&quot;_animation&quot;:&quot;fadeInUp&quot;,&quot;_animation_delay&quot;:200}\" data-widget_type=\"heading.default\">\n\t\t\t\t<div class=\"elementor-widget-container\">\n\t\t\t<h1 class=\"elementor-heading-title elementor-size-default\">Evenimente<\/h1>\t\t<\/div>\n\t\t\t\t<\/div>\n\t\t\t\t\t\t<\/div>\n\t\t\t\t\t<\/div>\n\t\t<\/div>\n\t\t\t\t\t\t\t\t<\/div>\n\t\t\t\t\t<\/div>\n\t\t<\/section>\n\t\t\t\t<section class=\"elementor-section elementor-top-section elementor-element elementor-element-77b543f1 elementor-section-boxed elementor-section-height-default elementor-section-height-default\" data-id=\"77b543f1\" data-element_type=\"section\">\n\t\t\t\t\t\t<div class=\"elementor-container elementor-column-gap-default\">\n\t\t\t\t\t\t\t<div class=\"elementor-row\">\n\t\t\t\t\t<div class=\"elementor-column elementor-col-100 elementor-top-column elementor-element elementor-element-5f8a400d\" data-id=\"5f8a400d\" data-element_type=\"column\">\n\t\t\t<div class=\"elementor-column-wrap elementor-element-populated\">\n\t\t\t\t\t\t\t<div class=\"elementor-widget-wrap\">\n\t\t\t\t\t\t<div class=\"elementor-element elementor-element-5e4ddbbd animated-fast elementor-invisible elementor-widget elementor-widget-photographer-album-grid\" data-id=\"5e4ddbbd\" data-element_type=\"widget\" data-settings=\"{&quot;_animation&quot;:&quot;fadeIn&quot;,&quot;_animation_delay&quot;:250}\" data-widget_type=\"photographer-album-grid.default\">\n\t\t\t\t<div class=\"elementor-widget-container\">\n\t\t\t<div class=\"gallery_grid_content_wrapper album_grid layout_tg_three_cols \">\n\t\t<a href=\"https:\/\/www.nataliapancec.ro\/index.php\/2020\/04\/02\/concert-simfonic\/\" target=&quot;_blank&quot; class=\"gallery_grid_item tg_three_cols  tilter tilter--5\">\n\t\t\t<figure class=\"tilter__figure\">\n\t\t\t\t<img class=\"tilter__image\" src=\"https:\/\/www.nataliapancec.ro\/wp-content\/uploads\/2020\/04\/Dirijor-DAVID-GIMENEZ-CARRERAS-Natalia-pancec-vertical-1-660x913.jpg\" alt=\"\" \/>\n\t\t\t\t\t\t\t\t<div class=\"tilter__deco tilter__deco--overlay\"><\/div>\n\t\t\t\t\t\n\t\t\t\t<figcaption class=\"tilter__caption\">\n\t\t\t\t\t<h3 class=\"tilter__title\">Concert simfonic<\/h3>\n\t\t\t\t\t<p class=\"tilter__description\">5 - 6 Martie 2020 | 19:00 - 21:00<\/p>\n\t\t\t\t<\/figcaption>\n\t\t\t\t\n\t\t\t\t\t\t\t\t<svg class=\"tilter__deco tilter__deco--lines\" viewBox=\"0 0 300 415\">\n\t\t\t\t\t<path d=\"M20.5,20.5h260v375h-260V20.5z\" \/>\n\t\t\t\t<\/svg>\n\t\t\t\t\t\t\t<\/figure>\n\t\t<\/a>\n\t\t<a href=\"https:\/\/www.nataliapancec.ro\/index.php\/2020\/02\/28\/when-violin-meets-guitar-concert-karta-bucuresti\/\" target=&quot;_blank&quot; class=\"gallery_grid_item tg_three_cols  tilter tilter--5\">\n\t\t\t<figure class=\"tilter__figure\">\n\t\t\t\t<img class=\"tilter__image\" src=\"https:\/\/www.nataliapancec.ro\/wp-content\/uploads\/2020\/02\/1Vertical-When-Violin-meets-Guitar-660x913.jpg\" alt=\"\" \/>\n\t\t\t\t\t\t\t\t<div class=\"tilter__deco tilter__deco--overlay\"><\/div>\n\t\t\t\t\t\n\t\t\t\t<figcaption class=\"tilter__caption\">\n\t\t\t\t\t<h3 class=\"tilter__title\">When Violin meets Guitar<\/h3>\n\t\t\t\t\t<p class=\"tilter__description\">28 Februarie 2020 | 21:00 - 24:00<\/p>\n\t\t\t\t<\/figcaption>\n\t\t\t\t\n\t\t\t\t\t\t\t\t<svg class=\"tilter__deco tilter__deco--lines\" viewBox=\"0 0 300 415\">\n\t\t\t\t\t<path d=\"M20.5,20.5h260v375h-260V20.5z\" \/>\n\t\t\t\t<\/svg>\n\t\t\t\t\t\t\t<\/figure>\n\t\t<\/a>\n\t\t<a href=\"https:\/\/www.nataliapancec.ro\/index.php\/2020\/02\/20\/concertmaestru-in-concertul-orchestrei-filarmonicii-george-enescu\/\" target=&quot;_blank&quot; class=\"gallery_grid_item tg_three_cols last tilter tilter--5\">\n\t\t\t<figure class=\"tilter__figure\">\n\t\t\t\t<img class=\"tilter__image\" src=\"https:\/\/www.nataliapancec.ro\/wp-content\/uploads\/2020\/02\/4-vertical-evenimente-Kimbo-Ishii-660x913.jpg\" alt=\"\" \/>\n\t\t\t\t\t\t\t\t<div class=\"tilter__deco tilter__deco--overlay\"><\/div>\n\t\t\t\t\t\n\t\t\t\t<figcaption class=\"tilter__caption\">\n\t\t\t\t\t<h3 class=\"tilter__title\">Concertmaestru in concertul orchestrei Filarmonicii George Enescu<\/h3>\n\t\t\t\t\t<p class=\"tilter__description\">20\/21 Februarie 2020 | 19:00 - 21:00<\/p>\n\t\t\t\t<\/figcaption>\n\t\t\t\t\n\t\t\t\t\t\t\t\t<svg class=\"tilter__deco tilter__deco--lines\" viewBox=\"0 0 300 415\">\n\t\t\t\t\t<path d=\"M20.5,20.5h260v375h-260V20.5z\" \/>\n\t\t\t\t<\/svg>\n\t\t\t\t\t\t\t<\/figure>\n\t\t<\/a>\n<br class=\"clear\"\/>\n<\/div>\n\t\t<\/div>\n\t\t\t\t<\/div>\n\t\t\t\t\t\t<\/div>\n\t\t\t\t\t<\/div>\n\t\t<\/div>\n\t\t\t\t\t\t\t\t<\/div>\n\t\t\t\t\t<\/div>\n\t\t<\/section>\n\t\t\t\t\t\t<\/div>\n\t\t\t\t\t\t<\/div>\n\t\t\t\t\t<\/div>\n\t\t","protected":false},"excerpt":{"rendered":"<p>07 Martie 2020 Ateneul Rom\u00e2n Str. Benjamin Franklin nr.1-3, sector 1 Bilet Ateneu CONCERT ANIVERSAR JEAN LUPU 80 de ani de via\u0163\u0103, 60 de ani de dirijat CORUL SYMBOL Dirijori: Jean Lupu Lumini\u0163a Gu\u0163anu Stoian Soliste: Maria Cazacu, Andreea P\u00eervulescu, [&hellip;]<\/p>\n","protected":false},"author":4,"featured_media":2173,"parent":0,"menu_order":0,"comment_status":"closed","ping_status":"closed","template":"","meta":[],"_links":{"self":[{"href":"https:\/\/www.nataliapancec.ro\/index.php\/wp-json\/wp\/v2\/pages\/2158"}],"collection":[{"href":"https:\/\/www.nataliapancec.ro\/index.php\/wp-json\/wp\/v2\/pages"}],"about":[{"href":"https:\/\/www.nataliapancec.ro\/index.php\/wp-json\/wp\/v2\/types\/page"}],"author":[{"embeddable":true,"href":"https:\/\/www.nataliapancec.ro\/index.php\/wp-json\/wp\/v2\/users\/4"}],"replies":[{"embeddable":true,"href":"https:\/\/www.nataliapancec.ro\/index.php\/wp-json\/wp\/v2\/comments?post=2158"}],"version-history":[{"count":23,"href":"https:\/\/www.nataliapancec.ro\/index.php\/wp-json\/wp\/v2\/pages\/2158\/revisions"}],"predecessor-version":[{"id":3095,"href":"https:\/\/www.nataliapancec.ro\/index.php\/wp-json\/wp\/v2\/pages\/2158\/revisions\/3095"}],"wp:featuredmedia":[{"embeddable":true,"href":"https:\/\/www.nataliapancec.ro\/index.php\/wp-json\/wp\/v2\/media\/2173"}],"wp:attachment":[{"href":"https:\/\/www.nataliapancec.ro\/index.php\/wp-json\/wp\/v2\/media?parent=2158"}],"curies":[{"name":"wp","href":"https:\/\/api.w.org\/{rel}","templated":true}]}}