{"id":3478,"date":"2020-04-15T14:54:36","date_gmt":"2020-04-15T14:54:36","guid":{"rendered":"https:\/\/www.nataliapancec.ro\/?page_id=3478"},"modified":"2020-11-09T09:45:13","modified_gmt":"2020-11-09T09:45:13","slug":"testimoniale","status":"publish","type":"page","link":"https:\/\/www.nataliapancec.ro\/index.php\/testimoniale\/","title":{"rendered":"Testimoniale"},"content":{"rendered":"\t\t<div data-elementor-type=\"wp-page\" data-elementor-id=\"3478\" class=\"elementor elementor-3478\" data-elementor-settings=\"[]\">\n\t\t\t\t\t\t<div class=\"elementor-inner\">\n\t\t\t\t\t\t\t<div class=\"elementor-section-wrap\">\n\t\t\t\t\t\t\t<section class=\"elementor-section elementor-top-section elementor-element elementor-element-55599862 elementor-section-stretched elementor-section-full_width elementor-section-height-full elementor-section-height-default elementor-section-items-middle\" data-id=\"55599862\" data-element_type=\"section\" data-settings=\"{&quot;stretch_section&quot;:&quot;section-stretched&quot;}\">\n\t\t\t\t\t\t<div class=\"elementor-container elementor-column-gap-default\">\n\t\t\t\t\t\t\t<div class=\"elementor-row\">\n\t\t\t\t\t<div class=\"elementor-column elementor-col-100 elementor-top-column elementor-element elementor-element-34a881ff\" data-id=\"34a881ff\" data-element_type=\"column\">\n\t\t\t<div class=\"elementor-column-wrap elementor-element-populated\">\n\t\t\t\t\t\t\t<div class=\"elementor-widget-wrap\">\n\t\t\t\t\t\t<div class=\"elementor-element elementor-element-4e650e5 elementor-widget elementor-widget-photographer-gallery-fullscreen\" data-id=\"4e650e5\" data-element_type=\"widget\" data-widget_type=\"photographer-gallery-fullscreen.default\">\n\t\t\t\t<div class=\"elementor-widget-container\">\n\t\t\t<div class=\"swiper-container tg_fullscreen_gallery_wrapper\">\n\t<div class=\"tg_fullscreen_gallery\" data-autoplay=\"8000\" data-effect=\"slide\" data-speed=\"1000\">\n\t\t<div class=\"swiper-wrapper\">\n\t\t<div class=\"swiper-slide\" style=\"background-image:url(https:\/\/www.nataliapancec.ro\/wp-content\/uploads\/2020\/04\/maxim-belciug.jpg);background-size:cover\" data-swiper-autoplay=\"8000\">\n\t\t\t\t\t\t\t<div class=\"tg_gallery_fullscreen_content\">\n\t\t\t\t\t\t\t\t\t<div class=\"tg_gallery_fullscreen_caption\">Testimonial<\/div>\n\t\t\t\t\t\t\t\t\t<div class=\"tg_gallery_fullscreen_title\">Maxim Belciug<\/div>\n\t\t\t\t\t\t\t\t\t<div class=\"tg_gallery_fullscreen_description\">&quot; \u00cen primul r\u00e2nd, este vorba de experien\u0163a extraordinar\u0103 de a lucra cu Natalia Pancec, o violonist\u0103 a c\u0103rei m\u0103iestrie instrumental\u0103 este dep\u0103\u015fit\u0103 poate doar de sensibilitatea sa. &quot;<\/div>\n\t\t\t\t\t\t\t\t<\/div>\n\t\t\t\t\t<\/div>\n\t\t<div class=\"swiper-slide\" style=\"background-image:url(https:\/\/www.nataliapancec.ro\/wp-content\/uploads\/2020\/04\/dan-vasilescu.jpg);background-size:cover\" data-swiper-autoplay=\"8000\">\n\t\t\t\t\t\t\t<div class=\"tg_gallery_fullscreen_content\">\n\t\t\t\t\t\t\t\t\t<div class=\"tg_gallery_fullscreen_caption\">Testimonial<\/div>\n\t\t\t\t\t\t\t\t\t<div class=\"tg_gallery_fullscreen_title\">Dan Vasilescu<\/div>\n\t\t\t\t\t\t\t\t\t<div class=\"tg_gallery_fullscreen_description\">&quot;De mai bine de un sfert de secol tr\u0103iesc bucuria unei experien\u021be muzicale unice \u00een compania  sunetului de vioar\u0103 inconfundabil al Nataliei.  \u00cel recuno\u0219ti oric\u00e2nd, chiar \u0219i cu ochii \u00eenchi\u0219i.&quot;<\/div>\n\t\t\t\t\t\t\t\t<\/div>\n\t\t\t\t\t<\/div>\n\t\t<div class=\"swiper-slide\" style=\"background-image:url(https:\/\/www.nataliapancec.ro\/wp-content\/uploads\/2020\/11\/testimoniale.jpg);background-size:cover\" data-swiper-autoplay=\"8000\">\n\t\t\t\t\t\t\t<div class=\"tg_gallery_fullscreen_content\">\n\t\t\t\t\t\t\t\t\t<div class=\"tg_gallery_fullscreen_caption\">Testimonial<\/div>\n\t\t\t\t\t\t\t\t\t<div class=\"tg_gallery_fullscreen_title\">Maran Andrada Ingrid, poet\u0103<\/div>\n\t\t\t\t\t\t\t\t\t<div class=\"tg_gallery_fullscreen_description\">&quot;O violonista magic\u0103 precum o pas\u0103re m\u0103iastr\u0103. Atunci c\u00e2nd concerteaza marea compune o simfonie astral\u0103.O artist\u0103 ce \u00eembin\u0103 emo\u021bia cu profesionalismul.&quot;<\/div>\n\t\t\t\t\t\t\t\t<\/div>\n\t\t\t\t\t<\/div>\n\t\t<div class=\"swiper-slide\" style=\"background-image:url(https:\/\/www.nataliapancec.ro\/wp-content\/uploads\/2020\/11\/testimoniale4.jpg);background-size:cover\" data-swiper-autoplay=\"8000\">\n\t\t\t\t\t\t\t<div class=\"tg_gallery_fullscreen_content\">\n\t\t\t\t\t\t\t\t\t<div class=\"tg_gallery_fullscreen_caption\">Cronic\u0103 - Revista Actualitatea Muzical\u0103<\/div>\n\t\t\t\t\t\t\t\t\t<div class=\"tg_gallery_fullscreen_title\">Carmen MANEA<\/div>\n\t\t\t\t\t\t\t\t\t<div class=\"tg_gallery_fullscreen_description\">&quot;\u00cen 29 august 2020, la Casa Artelor Dinu Lipatti din\nBucure\u015fti a fost programat un eveniment artistic open air, \u00een\ncare publicul a avut ocazia s\u0103 asculte muzic\u0103 rom\u00e2neasc\u0103\nde cea mai bun\u0103 calitate; protagonistele recitalului,\nviolonista Natalia Pancec \u015fi pianista Adriana Toacsen, au\nrealizat un periplu fascinant \u00een muzica secolului al XX-lea\n\u015fi \u00een crea\u0163ia unor aprecia\u0163i compozitori contemporani....&quot; \n&quot;Programul a continuat cu Hora staccato de Grigora\u015f\nDinicu, \u00een care Natalia Pancec (secondat\u0103 de pianista\nAdriana Toacsen) a f\u0103cut dovada virtuozit\u0103\u0163ii sale\ninstrumentale, dezv\u0103luind \u00een egal\u0103 m\u0103sur\u0103 bucuria de a\nc\u00e2nta cu patos \u015fi fantezie o bijuterie muzical\u0103 de insipra\u0163ie\nfolcloric\u0103. \u00centr-un alt registru s-a desf\u0103\u015furat excelenta\ninterpretare a duo-ului \u00een urm\u0103toarea lucrare din recital:\nImprompu Concertant pentru vioar\u0103 \u015fi pian de George\nEnescu, crea\u0163ie de nobil\u0103 melodicitate, care se num\u0103r\u0103\nprintre preferin\u0163ele muzicieilor \u015fi ale publicului de\npretutindeni. Am admirat presta\u0163ia artistic\u0103 de \u00eenalt nivel,\nremarcabil\u0103 prin muzicalitate, naturale\u0163e, creativitate, prin\nrafinament sonor \u015fi expresiv, prin diversitate dinamic\u0103 \u015fi\nagogic\u0103. ...&quot; \n&quot;\u00cen continuare, violonista Natalia Pancec\n(acompaniat\u0103 la pian de Adriana Toacsen) a oferit\npublicului un dar muzical nepre\u0163uit: \u00eendr\u0103gita lucrare Cioc\u00e2rlia, \u00eentr-o variant\u0103 str\u0103lucitoare, plin\u0103 de verv\u0103, de\nfarmec \u015fi exuberan\u0163\u0103. Lucrarea constituie o perl\u0103 a\nfolclorului rom\u00e2nesc, pe care violoni\u015ftii o abordeaz\u0103 cu\naplomb \u015fi cu dorin\u0163a de a realiza noi versiuni interpretative.\nAm perceput acest lucru \u00een recitalul de a Casa Lipatti, unde\na fost prezentat\u0103 o variant\u0103 cuceritoare, plin\u0103 de elan \u015fi\nprospe\u0163ime. ...&quot;\n&quot;\u00cen \u00eencheierea recitalului am ascultat Sonatina pentru\nvioar\u0103 \u015fi pian de Tiberiu Olah, crea\u0163ie cameral\u0103\nreprezentativ\u0103 a secolului XX, care sintetizeaz\u0103\nparticularit\u0103\u0163ile stilului compozitorului \u015fi valorific\u0103\nm\u0103iestria interpre\u0163ilor. \u00cen abordarea dificilei lucr\u0103ri, Natalia\nPancec \u015fi Adriana Toacsen au utilizat un \u00eentreg arsenal de\nmiloace de exprimare instrumental\u0103; presta\u0163ia artistic\u0103\nexcelent\u0103 a stat sub semnul profesionalismului, al\nomogenit\u0103\u0163ii \u015fi al densit\u0103\u0163ii semantice. ...&quot;<\/div>\n\t\t\t\t\t\t\t\t<\/div>\n\t\t\t\t\t<\/div>\n\t\t<\/div>\n\t\t<!-- Add Arrows -->\n        <div class=\"swiper-button-next swiper-button-white hover\"><i class=\"fa fa-angle-right\" style=\"color:#ffffff\"><\/i><\/div>\n        <div class=\"swiper-button-prev swiper-button-white hover\"><i class=\"fa fa-angle-left\" style=\"color:#ffffff\"><\/i><\/div>\n\t<\/div>\n\t<div class=\"gallery_thumbs\" style=\"display: none;\">\n      <div class=\"swiper-wrapper\" style=\"display: none;\">\n         <div class=\"swiper-slide\" style=\"display: none;\"><\/div>\n      <\/div>\n   <\/div>\n<\/div>\n\t\t<\/div>\n\t\t\t\t<\/div>\n\t\t\t\t\t\t<\/div>\n\t\t\t\t\t<\/div>\n\t\t<\/div>\n\t\t\t\t\t\t\t\t<\/div>\n\t\t\t\t\t<\/div>\n\t\t<\/section>\n\t\t\t\t\t\t<\/div>\n\t\t\t\t\t\t<\/div>\n\t\t\t\t\t<\/div>\n\t\t","protected":false},"excerpt":{"rendered":"<p>Testimonial Maxim Belciug &quot; \u00cen primul r\u00e2nd, este vorba de experien\u0163a extraordinar\u0103 de a lucra cu Natalia Pancec, o violonist\u0103 a c\u0103rei m\u0103iestrie instrumental\u0103 este dep\u0103\u015fit\u0103 poate doar de sensibilitatea sa. &quot; Testimonial Dan Vasilescu &quot;De mai bine de un [&hellip;]<\/p>\n","protected":false},"author":4,"featured_media":0,"parent":0,"menu_order":0,"comment_status":"closed","ping_status":"closed","template":"","meta":[],"_links":{"self":[{"href":"https:\/\/www.nataliapancec.ro\/index.php\/wp-json\/wp\/v2\/pages\/3478"}],"collection":[{"href":"https:\/\/www.nataliapancec.ro\/index.php\/wp-json\/wp\/v2\/pages"}],"about":[{"href":"https:\/\/www.nataliapancec.ro\/index.php\/wp-json\/wp\/v2\/types\/page"}],"author":[{"embeddable":true,"href":"https:\/\/www.nataliapancec.ro\/index.php\/wp-json\/wp\/v2\/users\/4"}],"replies":[{"embeddable":true,"href":"https:\/\/www.nataliapancec.ro\/index.php\/wp-json\/wp\/v2\/comments?post=3478"}],"version-history":[{"count":25,"href":"https:\/\/www.nataliapancec.ro\/index.php\/wp-json\/wp\/v2\/pages\/3478\/revisions"}],"predecessor-version":[{"id":4188,"href":"https:\/\/www.nataliapancec.ro\/index.php\/wp-json\/wp\/v2\/pages\/3478\/revisions\/4188"}],"wp:attachment":[{"href":"https:\/\/www.nataliapancec.ro\/index.php\/wp-json\/wp\/v2\/media?parent=3478"}],"curies":[{"name":"wp","href":"https:\/\/api.w.org\/{rel}","templated":true}]}}